{"id":8621,"date":"2023-08-21T15:44:47","date_gmt":"2023-08-21T13:44:47","guid":{"rendered":"http:\/\/www.baphomet.fr\/?page_id=8621"},"modified":"2024-03-26T23:44:38","modified_gmt":"2024-03-26T22:44:38","slug":"droit-famille","status":"publish","type":"page","link":"http:\/\/192.168.1.18\/droit-famille\/","title":{"rendered":"Droit de la famille"},"content":{"rendered":"<style type=\"text\/css\" data-type=\"vc_cmsms_shortcodes-custom-css\"><\/style><p>[vc_row][vc_column][vc_single_image image=\u00a0\u00bb8661&Prime; img_size=\u00a0\u00bbfull\u00a0\u00bb alignment=\u00a0\u00bbcenter\u00a0\u00bb][vc_column_text]<\/p>\r\n<p>La vie des familles et ses droits aff\u00e9rents rel\u00e8vent en France de l\u2019\u00e9tat civil et des notaires. Ces derniers participent, \u00e0 toutes les \u00e9tapes, \u00e0 la protection des int\u00e9r\u00eats de chacun dans les diff\u00e9rentes \u00e9tapes administratives qui jalonnent l\u2019existence. Cela va des protections des enfants par testament \u00e0 la d\u00e9fense patrimoniale des h\u00e9ritiers dans le cadre d\u2019une succession, en passant par les m\u00e9canismes d\u2019adoption.<\/p>\r\n\r\n<p>Dans tous ces cas, votre notaire est l\u00e0 pour accompagner vos d\u00e9marches et vous proposer les meilleures strat\u00e9gies pour sauvegarder vos int\u00e9r\u00eats, <a href=\"\/gestion-patrimoine\/\">prot\u00e9ger votre patrimoine<\/a> et le transmettre de g\u00e9n\u00e9ration en g\u00e9n\u00e9ration. Ma\u00eetre Jean-Yves Gall se tient \u00e0 votre disposition pour toute demande d\u2019information concernant vos d\u00e9marches en mati\u00e8re de droit de la famille, telles que l\u2019\u00e9laboration d\u2019une donation, la r\u00e9daction d\u2019un contrat de mariage, d\u2019un testament, ou les modalit\u00e9s de transmission patrimoniale au dernier vivant, par exemple.<\/p>\r\n\r\n<p>&nbsp;<\/p>\r\n<p>[\/vc_column_text][\/vc_column][\/vc_row]<\/p>","protected":false},"excerpt":{"rendered":"<p>[vc_row][vc_column][vc_single_image image=\u00a0\u00bb8661&Prime; img_size=\u00a0\u00bbfull\u00a0\u00bb alignment=\u00a0\u00bbcenter\u00a0\u00bb][vc_column_text] La vie des familles et ses droits aff\u00e9rents rel\u00e8vent en France de l\u2019\u00e9tat civil et des notaires. Ces derniers participent, \u00e0 toutes les \u00e9tapes, \u00e0 la protection des int\u00e9r\u00eats de chacun dans les diff\u00e9rentes \u00e9tapes administratives qui jalonnent l\u2019existence. Cela va des protections des enfants par testament \u00e0 la d\u00e9fense patrimoniale&#8230;<\/p>\n","protected":false},"author":1,"featured_media":8661,"parent":0,"menu_order":0,"comment_status":"closed","ping_status":"closed","template":"","meta":{"_themeisle_gutenberg_block_has_review":false,"footnotes":""},"class_list":["post-8621","page","type-page","status-publish","has-post-thumbnail","hentry"],"yoast_head":"<!-- This site is optimized with the Yoast SEO plugin v24.8.1 - https:\/\/yoast.com\/wordpress\/plugins\/seo\/ -->\n<title>Droit de la famille - Office Notarial Jean-Yves Gall<\/title>\n<meta name=\"description\" content=\"Votre notaire \u00e0 Ch\u00e2tel-sur-Moselle est l\u00e0 pour vous accompagner et vous proposer les meilleures strat\u00e9gies afin de sauvegarder les int\u00e9r\u00eats de votre famille.\" \/>\n<meta name=\"robots\" content=\"index, follow, max-snippet:-1, max-image-preview:large, max-video-preview:-1\" \/>\n<link rel=\"canonical\" href=\"http:\/\/192.168.1.18\/droit-famille\/\" \/>\n<meta property=\"og:locale\" content=\"fr_FR\" \/>\n<meta property=\"og:type\" content=\"article\" \/>\n<meta property=\"og:title\" content=\"Droit de la famille - Office Notarial Jean-Yves Gall\" \/>\n<meta property=\"og:description\" content=\"Votre notaire \u00e0 Ch\u00e2tel-sur-Moselle est l\u00e0 pour vous accompagner et vous proposer les meilleures strat\u00e9gies afin de sauvegarder les int\u00e9r\u00eats de votre famille.\" \/>\n<meta property=\"og:url\" content=\"http:\/\/192.168.1.18\/droit-famille\/\" \/>\n<meta property=\"og:site_name\" content=\"Office Notarial Jean-Yves Gall\" \/>\n<meta property=\"article:modified_time\" content=\"2024-03-26T22:44:38+00:00\" \/>\n<meta property=\"og:image\" content=\"https:\/\/mljv7i4bi0u5.i.optimole.com\/w:auto\/h:auto\/q:mauto\/f:best\/http:\/\/192.168.1.18\/wp-content\/uploads\/2023\/08\/droit-famille-notaire.jpg\" \/>\n\t<meta property=\"og:image:width\" content=\"800\" \/>\n\t<meta property=\"og:image:height\" content=\"533\" \/>\n\t<meta property=\"og:image:type\" content=\"image\/jpeg\" \/>\n<meta name=\"twitter:card\" content=\"summary_large_image\" \/>\n<meta name=\"twitter:label1\" content=\"Dur\u00e9e de lecture estim\u00e9e\" \/>\n\t<meta name=\"twitter:data1\" content=\"2 minutes\" \/>\n<script type=\"application\/ld+json\" class=\"yoast-schema-graph\">{\"@context\":\"https:\/\/schema.org\",\"@graph\":[{\"@type\":\"WebPage\",\"@id\":\"http:\/\/192.168.1.18\/droit-famille\/\",\"url\":\"http:\/\/192.168.1.18\/droit-famille\/\",\"name\":\"Droit de la famille - Office Notarial Jean-Yves Gall\",\"isPartOf\":{\"@id\":\"http:\/\/192.168.1.18\/#website\"},\"primaryImageOfPage\":{\"@id\":\"http:\/\/192.168.1.18\/droit-famille\/#primaryimage\"},\"image\":{\"@id\":\"http:\/\/192.168.1.18\/droit-famille\/#primaryimage\"},\"thumbnailUrl\":\"https:\/\/mljv7i4bi0u5.i.optimole.com\/w:auto\/h:auto\/q:mauto\/f:best\/http:\/\/192.168.1.18\/wp-content\/uploads\/2023\/08\/droit-famille-notaire.jpg\",\"datePublished\":\"2023-08-21T13:44:47+00:00\",\"dateModified\":\"2024-03-26T22:44:38+00:00\",\"description\":\"Votre notaire \u00e0 Ch\u00e2tel-sur-Moselle est l\u00e0 pour vous accompagner et vous proposer les meilleures strat\u00e9gies afin de sauvegarder les int\u00e9r\u00eats de votre famille.\",\"breadcrumb\":{\"@id\":\"http:\/\/192.168.1.18\/droit-famille\/#breadcrumb\"},\"inLanguage\":\"fr-FR\",\"potentialAction\":[{\"@type\":\"ReadAction\",\"target\":[\"http:\/\/192.168.1.18\/droit-famille\/\"]}]},{\"@type\":\"ImageObject\",\"inLanguage\":\"fr-FR\",\"@id\":\"http:\/\/192.168.1.18\/droit-famille\/#primaryimage\",\"url\":\"https:\/\/mljv7i4bi0u5.i.optimole.com\/w:auto\/h:auto\/q:mauto\/f:best\/http:\/\/192.168.1.18\/wp-content\/uploads\/2023\/08\/droit-famille-notaire.jpg\",\"contentUrl\":\"https:\/\/mljv7i4bi0u5.i.optimole.com\/w:auto\/h:auto\/q:mauto\/f:best\/http:\/\/192.168.1.18\/wp-content\/uploads\/2023\/08\/droit-famille-notaire.jpg\",\"width\":800,\"height\":533,\"caption\":\"Droit de la famille\"},{\"@type\":\"BreadcrumbList\",\"@id\":\"http:\/\/192.168.1.18\/droit-famille\/#breadcrumb\",\"itemListElement\":[{\"@type\":\"ListItem\",\"position\":1,\"name\":\"Home\",\"item\":\"http:\/\/192.168.1.18\/\"},{\"@type\":\"ListItem\",\"position\":2,\"name\":\"Droit de la famille\"}]},{\"@type\":\"WebSite\",\"@id\":\"http:\/\/192.168.1.18\/#website\",\"url\":\"http:\/\/192.168.1.18\/\",\"name\":\"Office Notarial Jean-Yves Gall\",\"description\":\"\",\"publisher\":{\"@id\":\"http:\/\/192.168.1.18\/#organization\"},\"potentialAction\":[{\"@type\":\"SearchAction\",\"target\":{\"@type\":\"EntryPoint\",\"urlTemplate\":\"http:\/\/192.168.1.18\/?s={search_term_string}\"},\"query-input\":{\"@type\":\"PropertyValueSpecification\",\"valueRequired\":true,\"valueName\":\"search_term_string\"}}],\"inLanguage\":\"fr-FR\"},{\"@type\":\"Organization\",\"@id\":\"http:\/\/192.168.1.18\/#organization\",\"name\":\"Office Notarial Jean-Yves Gall - Ch\u00e2tel-sur-Moselle\",\"alternateName\":\"Etude Jean-Yves Gall\",\"url\":\"http:\/\/192.168.1.18\/\",\"logo\":{\"@type\":\"ImageObject\",\"inLanguage\":\"fr-FR\",\"@id\":\"http:\/\/192.168.1.18\/#\/schema\/logo\/image\/\",\"url\":\"https:\/\/mljv7i4bi0u5.i.optimole.com\/w:auto\/h:auto\/q:mauto\/f:best\/http:\/\/www.baphomet.fr\/wp-content\/uploads\/2023\/05\/cropped-favicon-jean-yves-gall-notaire.png\",\"contentUrl\":\"https:\/\/mljv7i4bi0u5.i.optimole.com\/w:auto\/h:auto\/q:mauto\/f:best\/http:\/\/www.baphomet.fr\/wp-content\/uploads\/2023\/05\/cropped-favicon-jean-yves-gall-notaire.png\",\"width\":512,\"height\":512,\"caption\":\"Office Notarial Jean-Yves Gall - Ch\u00e2tel-sur-Moselle\"},\"image\":{\"@id\":\"http:\/\/192.168.1.18\/#\/schema\/logo\/image\/\"}}]}<\/script>\n<!-- \/ Yoast SEO plugin. -->","yoast_head_json":{"title":"Droit de la famille - Office Notarial Jean-Yves Gall","description":"Votre notaire \u00e0 Ch\u00e2tel-sur-Moselle est l\u00e0 pour vous accompagner et vous proposer les meilleures strat\u00e9gies afin de sauvegarder les int\u00e9r\u00eats de votre famille.","robots":{"index":"index","follow":"follow","max-snippet":"max-snippet:-1","max-image-preview":"max-image-preview:large","max-video-preview":"max-video-preview:-1"},"canonical":"http:\/\/192.168.1.18\/droit-famille\/","og_locale":"fr_FR","og_type":"article","og_title":"Droit de la famille - Office Notarial Jean-Yves Gall","og_description":"Votre notaire \u00e0 Ch\u00e2tel-sur-Moselle est l\u00e0 pour vous accompagner et vous proposer les meilleures strat\u00e9gies afin de sauvegarder les int\u00e9r\u00eats de votre famille.","og_url":"http:\/\/192.168.1.18\/droit-famille\/","og_site_name":"Office Notarial Jean-Yves Gall","article_modified_time":"2024-03-26T22:44:38+00:00","og_image":[{"width":800,"height":533,"url":"https:\/\/mljv7i4bi0u5.i.optimole.com\/w:auto\/h:auto\/q:mauto\/f:best\/http:\/\/192.168.1.18\/wp-content\/uploads\/2023\/08\/droit-famille-notaire.jpg","type":"image\/jpeg"}],"twitter_card":"summary_large_image","twitter_misc":{"Dur\u00e9e de lecture estim\u00e9e":"2 minutes"},"schema":{"@context":"https:\/\/schema.org","@graph":[{"@type":"WebPage","@id":"http:\/\/192.168.1.18\/droit-famille\/","url":"http:\/\/192.168.1.18\/droit-famille\/","name":"Droit de la famille - Office Notarial Jean-Yves Gall","isPartOf":{"@id":"http:\/\/192.168.1.18\/#website"},"primaryImageOfPage":{"@id":"http:\/\/192.168.1.18\/droit-famille\/#primaryimage"},"image":{"@id":"http:\/\/192.168.1.18\/droit-famille\/#primaryimage"},"thumbnailUrl":"https:\/\/mljv7i4bi0u5.i.optimole.com\/w:auto\/h:auto\/q:mauto\/f:best\/http:\/\/192.168.1.18\/wp-content\/uploads\/2023\/08\/droit-famille-notaire.jpg","datePublished":"2023-08-21T13:44:47+00:00","dateModified":"2024-03-26T22:44:38+00:00","description":"Votre notaire \u00e0 Ch\u00e2tel-sur-Moselle est l\u00e0 pour vous accompagner et vous proposer les meilleures strat\u00e9gies afin de sauvegarder les int\u00e9r\u00eats de votre famille.","breadcrumb":{"@id":"http:\/\/192.168.1.18\/droit-famille\/#breadcrumb"},"inLanguage":"fr-FR","potentialAction":[{"@type":"ReadAction","target":["http:\/\/192.168.1.18\/droit-famille\/"]}]},{"@type":"ImageObject","inLanguage":"fr-FR","@id":"http:\/\/192.168.1.18\/droit-famille\/#primaryimage","url":"https:\/\/mljv7i4bi0u5.i.optimole.com\/w:auto\/h:auto\/q:mauto\/f:best\/http:\/\/192.168.1.18\/wp-content\/uploads\/2023\/08\/droit-famille-notaire.jpg","contentUrl":"https:\/\/mljv7i4bi0u5.i.optimole.com\/w:auto\/h:auto\/q:mauto\/f:best\/http:\/\/192.168.1.18\/wp-content\/uploads\/2023\/08\/droit-famille-notaire.jpg","width":800,"height":533,"caption":"Droit de la famille"},{"@type":"BreadcrumbList","@id":"http:\/\/192.168.1.18\/droit-famille\/#breadcrumb","itemListElement":[{"@type":"ListItem","position":1,"name":"Home","item":"http:\/\/192.168.1.18\/"},{"@type":"ListItem","position":2,"name":"Droit de la famille"}]},{"@type":"WebSite","@id":"http:\/\/192.168.1.18\/#website","url":"http:\/\/192.168.1.18\/","name":"Office Notarial Jean-Yves Gall","description":"","publisher":{"@id":"http:\/\/192.168.1.18\/#organization"},"potentialAction":[{"@type":"SearchAction","target":{"@type":"EntryPoint","urlTemplate":"http:\/\/192.168.1.18\/?s={search_term_string}"},"query-input":{"@type":"PropertyValueSpecification","valueRequired":true,"valueName":"search_term_string"}}],"inLanguage":"fr-FR"},{"@type":"Organization","@id":"http:\/\/192.168.1.18\/#organization","name":"Office Notarial Jean-Yves Gall - Ch\u00e2tel-sur-Moselle","alternateName":"Etude Jean-Yves Gall","url":"http:\/\/192.168.1.18\/","logo":{"@type":"ImageObject","inLanguage":"fr-FR","@id":"http:\/\/192.168.1.18\/#\/schema\/logo\/image\/","url":"https:\/\/mljv7i4bi0u5.i.optimole.com\/w:auto\/h:auto\/q:mauto\/f:best\/http:\/\/www.baphomet.fr\/wp-content\/uploads\/2023\/05\/cropped-favicon-jean-yves-gall-notaire.png","contentUrl":"https:\/\/mljv7i4bi0u5.i.optimole.com\/w:auto\/h:auto\/q:mauto\/f:best\/http:\/\/www.baphomet.fr\/wp-content\/uploads\/2023\/05\/cropped-favicon-jean-yves-gall-notaire.png","width":512,"height":512,"caption":"Office Notarial Jean-Yves Gall - Ch\u00e2tel-sur-Moselle"},"image":{"@id":"http:\/\/192.168.1.18\/#\/schema\/logo\/image\/"}}]}},"_links":{"self":[{"href":"http:\/\/192.168.1.18\/wp-json\/wp\/v2\/pages\/8621","targetHints":{"allow":["GET"]}}],"collection":[{"href":"http:\/\/192.168.1.18\/wp-json\/wp\/v2\/pages"}],"about":[{"href":"http:\/\/192.168.1.18\/wp-json\/wp\/v2\/types\/page"}],"author":[{"embeddable":true,"href":"http:\/\/192.168.1.18\/wp-json\/wp\/v2\/users\/1"}],"replies":[{"embeddable":true,"href":"http:\/\/192.168.1.18\/wp-json\/wp\/v2\/comments?post=8621"}],"version-history":[{"count":4,"href":"http:\/\/192.168.1.18\/wp-json\/wp\/v2\/pages\/8621\/revisions"}],"predecessor-version":[{"id":9049,"href":"http:\/\/192.168.1.18\/wp-json\/wp\/v2\/pages\/8621\/revisions\/9049"}],"wp:featuredmedia":[{"embeddable":true,"href":"http:\/\/192.168.1.18\/wp-json\/wp\/v2\/media\/8661"}],"wp:attachment":[{"href":"http:\/\/192.168.1.18\/wp-json\/wp\/v2\/media?parent=8621"}],"curies":[{"name":"wp","href":"https:\/\/api.w.org\/{rel}","templated":true}]}}