{"id":8625,"date":"2023-08-21T15:48:19","date_gmt":"2023-08-21T13:48:19","guid":{"rendered":"http:\/\/www.baphomet.fr\/?page_id=8625"},"modified":"2024-03-26T23:45:44","modified_gmt":"2024-03-26T22:45:44","slug":"droit-des-affaires","status":"publish","type":"page","link":"http:\/\/192.168.1.18\/droit-des-affaires\/","title":{"rendered":"Droit des affaires"},"content":{"rendered":"<style type=\"text\/css\" data-type=\"vc_cmsms_shortcodes-custom-css\"><\/style><p>[vc_row][vc_column][vc_single_image image=\u00a0\u00bb8666&Prime; img_size=\u00a0\u00bbfull\u00a0\u00bb alignment=\u00a0\u00bbcenter\u00a0\u00bb][vc_column_text]<\/p>\r\n<p>Rompu \u00e0 la <a href=\"\/gestion-patrimoine\/\">gestion patrimoniale<\/a> des familles et des particuliers, le notaire \u00e9tend son champ d\u2019action aux soci\u00e9t\u00e9s, que celles-ci soient commerciales ou\u00a0immobili\u00e8res. D\u00e8s la cr\u00e9ation d\u2019une entreprise, la constitution d\u2019un fonds de commerce, la r\u00e9daction d\u2019un pacte d\u2019associ\u00e9s, Ma\u00eetre Jean-Yves Gall vous accompagne dans vos d\u00e9marches. Bien entendu, votre notaire suit tous les \u00e9v\u00e9nements qui rythment la vie de votre activit\u00e9 \u00e9conomique\u00a0: acquisition ou cession de fonds, cr\u00e9ation de holding, fusion, transmission d\u2019entreprise figurent dans son portefeuille de comp\u00e9tences, au m\u00eame titre que le conseil fiscal. Enfin, le droit des affaires et la gestion du patrimoine s\u2019imbriquent chez de nombreuses personnes\u00a0et votre notaire est l\u00e0 pour parfaire l\u2019organisation juridique et financi\u00e8re de l\u2019ensemble de vos biens immobiliers et de vos parts sociales.<\/p>\r\n\r\n<p>&nbsp;<\/p>\r\n<p>[\/vc_column_text][\/vc_column][\/vc_row]<\/p>","protected":false},"excerpt":{"rendered":"<p>[vc_row][vc_column][vc_single_image image=\u00a0\u00bb8666&Prime; img_size=\u00a0\u00bbfull\u00a0\u00bb alignment=\u00a0\u00bbcenter\u00a0\u00bb][vc_column_text] Rompu \u00e0 la gestion patrimoniale des familles et des particuliers, le notaire \u00e9tend son champ d\u2019action aux soci\u00e9t\u00e9s, que celles-ci soient commerciales ou\u00a0immobili\u00e8res. D\u00e8s la cr\u00e9ation d\u2019une entreprise, la constitution d\u2019un fonds de commerce, la r\u00e9daction d\u2019un pacte d\u2019associ\u00e9s, Ma\u00eetre Jean-Yves Gall vous accompagne dans vos d\u00e9marches. Bien entendu, votre notaire&#8230;<\/p>\n","protected":false},"author":1,"featured_media":8666,"parent":0,"menu_order":0,"comment_status":"closed","ping_status":"closed","template":"","meta":{"_themeisle_gutenberg_block_has_review":false,"footnotes":""},"class_list":["post-8625","page","type-page","status-publish","has-post-thumbnail","hentry"],"yoast_head":"<!-- This site is optimized with the Yoast SEO plugin v24.8.1 - https:\/\/yoast.com\/wordpress\/plugins\/seo\/ -->\n<title>Droit des affaires - Office Notarial Jean-Yves Gall<\/title>\n<meta name=\"description\" content=\"D\u00e8s la cr\u00e9ation d\u2019une entreprise, la constitution d\u2019un fonds de commerce, la r\u00e9daction d\u2019un pacte d\u2019associ\u00e9s, Ma\u00eetre Jean-Yves Gall vous accompagne dans vos d\u00e9marches.\" \/>\n<meta name=\"robots\" content=\"index, follow, max-snippet:-1, max-image-preview:large, max-video-preview:-1\" \/>\n<link rel=\"canonical\" href=\"http:\/\/192.168.1.18\/droit-des-affaires\/\" \/>\n<meta property=\"og:locale\" content=\"fr_FR\" \/>\n<meta property=\"og:type\" content=\"article\" \/>\n<meta property=\"og:title\" content=\"Droit des affaires - Office Notarial Jean-Yves Gall\" \/>\n<meta property=\"og:description\" content=\"D\u00e8s la cr\u00e9ation d\u2019une entreprise, la constitution d\u2019un fonds de commerce, la r\u00e9daction d\u2019un pacte d\u2019associ\u00e9s, Ma\u00eetre Jean-Yves Gall vous accompagne dans vos d\u00e9marches.\" \/>\n<meta property=\"og:url\" content=\"http:\/\/192.168.1.18\/droit-des-affaires\/\" \/>\n<meta property=\"og:site_name\" content=\"Office Notarial Jean-Yves Gall\" \/>\n<meta property=\"article:modified_time\" content=\"2024-03-26T22:45:44+00:00\" \/>\n<meta property=\"og:image\" content=\"https:\/\/mljv7i4bi0u5.i.optimole.com\/w:auto\/h:auto\/q:mauto\/f:best\/http:\/\/192.168.1.18\/wp-content\/uploads\/2023\/08\/poignee-mains-droit-affaires-notaire.jpg\" \/>\n\t<meta property=\"og:image:width\" content=\"1280\" \/>\n\t<meta property=\"og:image:height\" content=\"650\" \/>\n\t<meta property=\"og:image:type\" content=\"image\/jpeg\" \/>\n<meta name=\"twitter:card\" content=\"summary_large_image\" \/>\n<meta name=\"twitter:label1\" content=\"Dur\u00e9e de lecture estim\u00e9e\" \/>\n\t<meta name=\"twitter:data1\" content=\"1 minute\" \/>\n<script type=\"application\/ld+json\" class=\"yoast-schema-graph\">{\"@context\":\"https:\/\/schema.org\",\"@graph\":[{\"@type\":\"WebPage\",\"@id\":\"http:\/\/192.168.1.18\/droit-des-affaires\/\",\"url\":\"http:\/\/192.168.1.18\/droit-des-affaires\/\",\"name\":\"Droit des affaires - Office Notarial Jean-Yves Gall\",\"isPartOf\":{\"@id\":\"http:\/\/192.168.1.18\/#website\"},\"primaryImageOfPage\":{\"@id\":\"http:\/\/192.168.1.18\/droit-des-affaires\/#primaryimage\"},\"image\":{\"@id\":\"http:\/\/192.168.1.18\/droit-des-affaires\/#primaryimage\"},\"thumbnailUrl\":\"https:\/\/mljv7i4bi0u5.i.optimole.com\/w:auto\/h:auto\/q:mauto\/f:best\/http:\/\/192.168.1.18\/wp-content\/uploads\/2023\/08\/poignee-mains-droit-affaires-notaire.jpg\",\"datePublished\":\"2023-08-21T13:48:19+00:00\",\"dateModified\":\"2024-03-26T22:45:44+00:00\",\"description\":\"D\u00e8s la cr\u00e9ation d\u2019une entreprise, la constitution d\u2019un fonds de commerce, la r\u00e9daction d\u2019un pacte d\u2019associ\u00e9s, Ma\u00eetre Jean-Yves Gall vous accompagne dans vos d\u00e9marches.\",\"breadcrumb\":{\"@id\":\"http:\/\/192.168.1.18\/droit-des-affaires\/#breadcrumb\"},\"inLanguage\":\"fr-FR\",\"potentialAction\":[{\"@type\":\"ReadAction\",\"target\":[\"http:\/\/192.168.1.18\/droit-des-affaires\/\"]}]},{\"@type\":\"ImageObject\",\"inLanguage\":\"fr-FR\",\"@id\":\"http:\/\/192.168.1.18\/droit-des-affaires\/#primaryimage\",\"url\":\"https:\/\/mljv7i4bi0u5.i.optimole.com\/w:auto\/h:auto\/q:mauto\/f:best\/http:\/\/192.168.1.18\/wp-content\/uploads\/2023\/08\/poignee-mains-droit-affaires-notaire.jpg\",\"contentUrl\":\"https:\/\/mljv7i4bi0u5.i.optimole.com\/w:auto\/h:auto\/q:mauto\/f:best\/http:\/\/192.168.1.18\/wp-content\/uploads\/2023\/08\/poignee-mains-droit-affaires-notaire.jpg\",\"width\":1280,\"height\":650,\"caption\":\"Droit des affaires\"},{\"@type\":\"BreadcrumbList\",\"@id\":\"http:\/\/192.168.1.18\/droit-des-affaires\/#breadcrumb\",\"itemListElement\":[{\"@type\":\"ListItem\",\"position\":1,\"name\":\"Home\",\"item\":\"http:\/\/192.168.1.18\/\"},{\"@type\":\"ListItem\",\"position\":2,\"name\":\"Droit des affaires\"}]},{\"@type\":\"WebSite\",\"@id\":\"http:\/\/192.168.1.18\/#website\",\"url\":\"http:\/\/192.168.1.18\/\",\"name\":\"Office Notarial Jean-Yves Gall\",\"description\":\"\",\"publisher\":{\"@id\":\"http:\/\/192.168.1.18\/#organization\"},\"potentialAction\":[{\"@type\":\"SearchAction\",\"target\":{\"@type\":\"EntryPoint\",\"urlTemplate\":\"http:\/\/192.168.1.18\/?s={search_term_string}\"},\"query-input\":{\"@type\":\"PropertyValueSpecification\",\"valueRequired\":true,\"valueName\":\"search_term_string\"}}],\"inLanguage\":\"fr-FR\"},{\"@type\":\"Organization\",\"@id\":\"http:\/\/192.168.1.18\/#organization\",\"name\":\"Office Notarial Jean-Yves Gall - Ch\u00e2tel-sur-Moselle\",\"alternateName\":\"Etude Jean-Yves Gall\",\"url\":\"http:\/\/192.168.1.18\/\",\"logo\":{\"@type\":\"ImageObject\",\"inLanguage\":\"fr-FR\",\"@id\":\"http:\/\/192.168.1.18\/#\/schema\/logo\/image\/\",\"url\":\"https:\/\/mljv7i4bi0u5.i.optimole.com\/w:auto\/h:auto\/q:mauto\/f:best\/http:\/\/www.baphomet.fr\/wp-content\/uploads\/2023\/05\/cropped-favicon-jean-yves-gall-notaire.png\",\"contentUrl\":\"https:\/\/mljv7i4bi0u5.i.optimole.com\/w:auto\/h:auto\/q:mauto\/f:best\/http:\/\/www.baphomet.fr\/wp-content\/uploads\/2023\/05\/cropped-favicon-jean-yves-gall-notaire.png\",\"width\":512,\"height\":512,\"caption\":\"Office Notarial Jean-Yves Gall - Ch\u00e2tel-sur-Moselle\"},\"image\":{\"@id\":\"http:\/\/192.168.1.18\/#\/schema\/logo\/image\/\"}}]}<\/script>\n<!-- \/ Yoast SEO plugin. -->","yoast_head_json":{"title":"Droit des affaires - Office Notarial Jean-Yves Gall","description":"D\u00e8s la cr\u00e9ation d\u2019une entreprise, la constitution d\u2019un fonds de commerce, la r\u00e9daction d\u2019un pacte d\u2019associ\u00e9s, Ma\u00eetre Jean-Yves Gall vous accompagne dans vos d\u00e9marches.","robots":{"index":"index","follow":"follow","max-snippet":"max-snippet:-1","max-image-preview":"max-image-preview:large","max-video-preview":"max-video-preview:-1"},"canonical":"http:\/\/192.168.1.18\/droit-des-affaires\/","og_locale":"fr_FR","og_type":"article","og_title":"Droit des affaires - Office Notarial Jean-Yves Gall","og_description":"D\u00e8s la cr\u00e9ation d\u2019une entreprise, la constitution d\u2019un fonds de commerce, la r\u00e9daction d\u2019un pacte d\u2019associ\u00e9s, Ma\u00eetre Jean-Yves Gall vous accompagne dans vos d\u00e9marches.","og_url":"http:\/\/192.168.1.18\/droit-des-affaires\/","og_site_name":"Office Notarial Jean-Yves Gall","article_modified_time":"2024-03-26T22:45:44+00:00","og_image":[{"width":1280,"height":650,"url":"https:\/\/mljv7i4bi0u5.i.optimole.com\/w:auto\/h:auto\/q:mauto\/f:best\/http:\/\/192.168.1.18\/wp-content\/uploads\/2023\/08\/poignee-mains-droit-affaires-notaire.jpg","type":"image\/jpeg"}],"twitter_card":"summary_large_image","twitter_misc":{"Dur\u00e9e de lecture estim\u00e9e":"1 minute"},"schema":{"@context":"https:\/\/schema.org","@graph":[{"@type":"WebPage","@id":"http:\/\/192.168.1.18\/droit-des-affaires\/","url":"http:\/\/192.168.1.18\/droit-des-affaires\/","name":"Droit des affaires - Office Notarial Jean-Yves Gall","isPartOf":{"@id":"http:\/\/192.168.1.18\/#website"},"primaryImageOfPage":{"@id":"http:\/\/192.168.1.18\/droit-des-affaires\/#primaryimage"},"image":{"@id":"http:\/\/192.168.1.18\/droit-des-affaires\/#primaryimage"},"thumbnailUrl":"https:\/\/mljv7i4bi0u5.i.optimole.com\/w:auto\/h:auto\/q:mauto\/f:best\/http:\/\/192.168.1.18\/wp-content\/uploads\/2023\/08\/poignee-mains-droit-affaires-notaire.jpg","datePublished":"2023-08-21T13:48:19+00:00","dateModified":"2024-03-26T22:45:44+00:00","description":"D\u00e8s la cr\u00e9ation d\u2019une entreprise, la constitution d\u2019un fonds de commerce, la r\u00e9daction d\u2019un pacte d\u2019associ\u00e9s, Ma\u00eetre Jean-Yves Gall vous accompagne dans vos d\u00e9marches.","breadcrumb":{"@id":"http:\/\/192.168.1.18\/droit-des-affaires\/#breadcrumb"},"inLanguage":"fr-FR","potentialAction":[{"@type":"ReadAction","target":["http:\/\/192.168.1.18\/droit-des-affaires\/"]}]},{"@type":"ImageObject","inLanguage":"fr-FR","@id":"http:\/\/192.168.1.18\/droit-des-affaires\/#primaryimage","url":"https:\/\/mljv7i4bi0u5.i.optimole.com\/w:auto\/h:auto\/q:mauto\/f:best\/http:\/\/192.168.1.18\/wp-content\/uploads\/2023\/08\/poignee-mains-droit-affaires-notaire.jpg","contentUrl":"https:\/\/mljv7i4bi0u5.i.optimole.com\/w:auto\/h:auto\/q:mauto\/f:best\/http:\/\/192.168.1.18\/wp-content\/uploads\/2023\/08\/poignee-mains-droit-affaires-notaire.jpg","width":1280,"height":650,"caption":"Droit des affaires"},{"@type":"BreadcrumbList","@id":"http:\/\/192.168.1.18\/droit-des-affaires\/#breadcrumb","itemListElement":[{"@type":"ListItem","position":1,"name":"Home","item":"http:\/\/192.168.1.18\/"},{"@type":"ListItem","position":2,"name":"Droit des affaires"}]},{"@type":"WebSite","@id":"http:\/\/192.168.1.18\/#website","url":"http:\/\/192.168.1.18\/","name":"Office Notarial Jean-Yves Gall","description":"","publisher":{"@id":"http:\/\/192.168.1.18\/#organization"},"potentialAction":[{"@type":"SearchAction","target":{"@type":"EntryPoint","urlTemplate":"http:\/\/192.168.1.18\/?s={search_term_string}"},"query-input":{"@type":"PropertyValueSpecification","valueRequired":true,"valueName":"search_term_string"}}],"inLanguage":"fr-FR"},{"@type":"Organization","@id":"http:\/\/192.168.1.18\/#organization","name":"Office Notarial Jean-Yves Gall - Ch\u00e2tel-sur-Moselle","alternateName":"Etude Jean-Yves Gall","url":"http:\/\/192.168.1.18\/","logo":{"@type":"ImageObject","inLanguage":"fr-FR","@id":"http:\/\/192.168.1.18\/#\/schema\/logo\/image\/","url":"https:\/\/mljv7i4bi0u5.i.optimole.com\/w:auto\/h:auto\/q:mauto\/f:best\/http:\/\/www.baphomet.fr\/wp-content\/uploads\/2023\/05\/cropped-favicon-jean-yves-gall-notaire.png","contentUrl":"https:\/\/mljv7i4bi0u5.i.optimole.com\/w:auto\/h:auto\/q:mauto\/f:best\/http:\/\/www.baphomet.fr\/wp-content\/uploads\/2023\/05\/cropped-favicon-jean-yves-gall-notaire.png","width":512,"height":512,"caption":"Office Notarial Jean-Yves Gall - Ch\u00e2tel-sur-Moselle"},"image":{"@id":"http:\/\/192.168.1.18\/#\/schema\/logo\/image\/"}}]}},"_links":{"self":[{"href":"http:\/\/192.168.1.18\/wp-json\/wp\/v2\/pages\/8625","targetHints":{"allow":["GET"]}}],"collection":[{"href":"http:\/\/192.168.1.18\/wp-json\/wp\/v2\/pages"}],"about":[{"href":"http:\/\/192.168.1.18\/wp-json\/wp\/v2\/types\/page"}],"author":[{"embeddable":true,"href":"http:\/\/192.168.1.18\/wp-json\/wp\/v2\/users\/1"}],"replies":[{"embeddable":true,"href":"http:\/\/192.168.1.18\/wp-json\/wp\/v2\/comments?post=8625"}],"version-history":[{"count":3,"href":"http:\/\/192.168.1.18\/wp-json\/wp\/v2\/pages\/8625\/revisions"}],"predecessor-version":[{"id":9050,"href":"http:\/\/192.168.1.18\/wp-json\/wp\/v2\/pages\/8625\/revisions\/9050"}],"wp:featuredmedia":[{"embeddable":true,"href":"http:\/\/192.168.1.18\/wp-json\/wp\/v2\/media\/8666"}],"wp:attachment":[{"href":"http:\/\/192.168.1.18\/wp-json\/wp\/v2\/media?parent=8625"}],"curies":[{"name":"wp","href":"https:\/\/api.w.org\/{rel}","templated":true}]}}