{"id":8780,"date":"2023-08-23T11:16:14","date_gmt":"2023-08-23T09:16:14","guid":{"rendered":"http:\/\/www.baphomet.fr\/?page_id=8780"},"modified":"2024-04-05T08:55:37","modified_gmt":"2024-04-05T06:55:37","slug":"mentions-legales","status":"publish","type":"page","link":"http:\/\/192.168.1.18\/mentions-legales\/","title":{"rendered":"Mentions l\u00e9gales"},"content":{"rendered":"<style type=\"text\/css\" data-type=\"vc_cmsms_shortcodes-custom-css\"><\/style>\n<p>Conform\u00e9ment aux dispositions des Articles 6-III et 19 de la Loi n\u00b02004-575 du 21 juin 2004 pour la Confiance dans l\u2019\u00e9conomie num\u00e9rique, dite L.C.E.N., il est port\u00e9 \u00e0 la connaissance des utilisateurs et visiteurs, ci-apr\u00e8s l&rsquo;<strong>Utilisateur<\/strong>, du site etudegall-chatel.notaires.fr, ci-apr\u00e8s le <strong>Site<\/strong>, les pr\u00e9sentes mentions l\u00e9gales.<\/p>\n\n\n\n<p>La connexion et la navigation sur le Site par l\u2019Utilisateur impliquent acceptation int\u00e9grale et sans r\u00e9serve des pr\u00e9sentes mentions l\u00e9gales.<\/p>\n\n\n\n<h2 class=\"wp-block-heading\">ARTICLE 1 &#8211; L&rsquo;\u00c9DITEUR<\/h2>\n\n\n\n<p>L&rsquo;\u00e9dition du Site est assur\u00e9e par l&rsquo;Office Notarial de Ch\u00e2tel-sur-Moselle, Soci\u00e9t\u00e9 d&rsquo;exercice lib\u00e9ral \u00e0 responsabilit\u00e9 limit\u00e9e au capital de 20 000 euros, immatricul\u00e9e au Registre du Commerce et des Soci\u00e9t\u00e9s d&rsquo;\u00c9pinal sous le num\u00e9ro 922 407 531 00016 dont le si\u00e8ge social est situ\u00e9 au 16 rue Paul Richard, 88330 Ch\u00e2tel-sur-Moselle,<\/p>\n\n\n\n<p>Num\u00e9ro de t\u00e9l\u00e9phone&nbsp;: 03 29 67 90 31.<\/p>\n\n\n\n<p>Adresse e-mail : <a href=\"mailto:jy.gall@notaires.fr\" target=\"_blank\" rel=\"noreferrer noopener\">jy.gall@notaires.fr<\/a>.<\/p>\n\n\n\n<p>N\u00b0 de TVA intracommunautaire : FR09922407531.<\/p>\n\n\n\n<p>Le Directeur de la publication est Ma\u00eetre Jean-Yves Gall.<\/p>\n\n\n\n<p>ci-apr\u00e8s l&rsquo;<strong>\u00c9diteur<\/strong>.<\/p>\n\n\n\n<h2 class=\"wp-block-heading\">ARTICLE 2 &#8211; L&rsquo;H\u00c9BERGEUR<\/h2>\n\n\n\n<p>L&rsquo;h\u00e9bergeur du Site est la soci\u00e9t\u00e9 OVH, dont le si\u00e8ge social est situ\u00e9 au 2 rue Kellermann &#8211; 59100 Roubaix \u2013 France.<\/p>\n\n\n\n<h2 class=\"wp-block-heading\">ARTICLE 3 &#8211; ACC\u00c8S AU SITE<\/h2>\n\n\n\n<p>Le Site est accessible en tout endroit, 7j\/7, 24h\/24 sauf cas de force majeure, interruption programm\u00e9e ou non et pouvant d\u00e9coulant d\u2019une n\u00e9cessit\u00e9 de maintenance.<\/p>\n\n\n\n<p>En cas de modification, interruption ou suspension du Site, l&rsquo;\u00c9diteur ne saurait \u00eatre tenu responsable.<\/p>\n\n\n\n<h2 class=\"wp-block-heading\">ARTICLE 4 &#8211; COLLECTE DES DONN\u00c9ES<\/h2>\n\n\n\n<p>Le Site assure \u00e0 l&rsquo;Utilisateur une collecte et un traitement d&rsquo;informations personnelles dans le respect de la vie priv\u00e9e conform\u00e9ment \u00e0 la loi n\u00b078-17 du 6 janvier 1978 relative \u00e0 l&rsquo;informatique, aux fichiers et aux libert\u00e9s.<\/p>\n\n\n\n<p>En vertu de la loi Informatique et Libert\u00e9s, en date du 6 janvier 1978, l&rsquo;Utilisateur dispose d&rsquo;un droit d&rsquo;acc\u00e8s, de rectification, de suppression et d&rsquo;opposition de ses donn\u00e9es personnelles. L&rsquo;Utilisateur exerce ce droit via le formulaire de contact du Site.<\/p>\n\n\n\n<p>Toute utilisation, reproduction, diffusion, commercialisation, modification de toute ou partie du Site, sans autorisation de l\u2019\u00c9diteur est prohib\u00e9e et pourra entra\u00een\u00e9e des actions et poursuites judiciaires telles que notamment pr\u00e9vues par le Code de la propri\u00e9t\u00e9 intellectuelle et le Code civil.<\/p>\n\n\n\n<h2 class=\"wp-block-heading\">ARTICLE 5 \u2013 CR\u00c9DITS<\/h2>\n\n\n\n<p><strong>R\u00e9alisation &amp; contenus \u00a9 <a href=\"http:\/\/www.la-veilleuse.fr\/\" target=\"_blank\" rel=\"noreferrer noopener\">La Veilleuse<\/a><\/strong><\/p>\n\n\n\n<p><strong>Cr\u00e9dits photos<\/strong> \u00a9 Thomas Chouani\u00e8re \u2013 La Veilleuse<\/p>\n","protected":false},"excerpt":{"rendered":"<p>Conform\u00e9ment aux dispositions des Articles 6-III et 19 de la Loi n\u00b02004-575 du 21 juin 2004 pour la Confiance dans l\u2019\u00e9conomie num\u00e9rique, dite L.C.E.N., il est port\u00e9 \u00e0 la connaissance des utilisateurs et visiteurs, ci-apr\u00e8s l&rsquo;Utilisateur, du site etudegall-chatel.notaires.fr, ci-apr\u00e8s le Site, les pr\u00e9sentes mentions l\u00e9gales. La connexion et la navigation sur le Site par&#8230;<\/p>\n","protected":false},"author":1,"featured_media":0,"parent":0,"menu_order":0,"comment_status":"closed","ping_status":"closed","template":"","meta":{"_themeisle_gutenberg_block_has_review":false,"footnotes":""},"class_list":["post-8780","page","type-page","status-publish","hentry"],"yoast_head":"<!-- This site is optimized with the Yoast SEO plugin v24.8.1 - https:\/\/yoast.com\/wordpress\/plugins\/seo\/ -->\n<title>Mentions l\u00e9gales - Office Notarial Jean-Yves Gall<\/title>\n<meta name=\"description\" content=\"L&#039;\u00e9dition du Site est assur\u00e9e par l&#039;Office Notarial de Ch\u00e2tel-sur-Moselle, Soci\u00e9t\u00e9 d&#039;exercice lib\u00e9ral \u00e0 responsabilit\u00e9 limit\u00e9e.\" \/>\n<meta name=\"robots\" content=\"index, follow, max-snippet:-1, max-image-preview:large, max-video-preview:-1\" \/>\n<link rel=\"canonical\" href=\"http:\/\/192.168.1.18\/mentions-legales\/\" \/>\n<meta property=\"og:locale\" content=\"fr_FR\" \/>\n<meta property=\"og:type\" content=\"article\" \/>\n<meta property=\"og:title\" content=\"Mentions l\u00e9gales - Office Notarial Jean-Yves Gall\" \/>\n<meta property=\"og:description\" content=\"L&#039;\u00e9dition du Site est assur\u00e9e par l&#039;Office Notarial de Ch\u00e2tel-sur-Moselle, Soci\u00e9t\u00e9 d&#039;exercice lib\u00e9ral \u00e0 responsabilit\u00e9 limit\u00e9e.\" \/>\n<meta property=\"og:url\" content=\"http:\/\/192.168.1.18\/mentions-legales\/\" \/>\n<meta property=\"og:site_name\" content=\"Office Notarial Jean-Yves Gall\" \/>\n<meta property=\"article:modified_time\" content=\"2024-04-05T06:55:37+00:00\" \/>\n<meta property=\"og:image\" content=\"https:\/\/mljv7i4bi0u5.i.optimole.com\/w:auto\/h:auto\/q:mauto\/f:best\/http:\/\/192.168.1.18\/wp-content\/uploads\/2023\/08\/notaire-jean-yves-gall-generique.jpg\" \/>\n\t<meta property=\"og:image:width\" content=\"1200\" \/>\n\t<meta property=\"og:image:height\" content=\"675\" \/>\n\t<meta property=\"og:image:type\" content=\"image\/jpeg\" \/>\n<meta name=\"twitter:card\" content=\"summary_large_image\" \/>\n<meta name=\"twitter:label1\" content=\"Dur\u00e9e de lecture estim\u00e9e\" \/>\n\t<meta name=\"twitter:data1\" content=\"2 minutes\" \/>\n<script type=\"application\/ld+json\" class=\"yoast-schema-graph\">{\"@context\":\"https:\/\/schema.org\",\"@graph\":[{\"@type\":\"WebPage\",\"@id\":\"http:\/\/192.168.1.18\/mentions-legales\/\",\"url\":\"http:\/\/192.168.1.18\/mentions-legales\/\",\"name\":\"Mentions l\u00e9gales - Office Notarial Jean-Yves Gall\",\"isPartOf\":{\"@id\":\"http:\/\/192.168.1.18\/#website\"},\"datePublished\":\"2023-08-23T09:16:14+00:00\",\"dateModified\":\"2024-04-05T06:55:37+00:00\",\"description\":\"L'\u00e9dition du Site est assur\u00e9e par l'Office Notarial de Ch\u00e2tel-sur-Moselle, Soci\u00e9t\u00e9 d'exercice lib\u00e9ral \u00e0 responsabilit\u00e9 limit\u00e9e.\",\"breadcrumb\":{\"@id\":\"http:\/\/192.168.1.18\/mentions-legales\/#breadcrumb\"},\"inLanguage\":\"fr-FR\",\"potentialAction\":[{\"@type\":\"ReadAction\",\"target\":[\"http:\/\/192.168.1.18\/mentions-legales\/\"]}]},{\"@type\":\"BreadcrumbList\",\"@id\":\"http:\/\/192.168.1.18\/mentions-legales\/#breadcrumb\",\"itemListElement\":[{\"@type\":\"ListItem\",\"position\":1,\"name\":\"Home\",\"item\":\"http:\/\/192.168.1.18\/\"},{\"@type\":\"ListItem\",\"position\":2,\"name\":\"Mentions l\u00e9gales\"}]},{\"@type\":\"WebSite\",\"@id\":\"http:\/\/192.168.1.18\/#website\",\"url\":\"http:\/\/192.168.1.18\/\",\"name\":\"Office Notarial Jean-Yves Gall\",\"description\":\"\",\"publisher\":{\"@id\":\"http:\/\/192.168.1.18\/#organization\"},\"potentialAction\":[{\"@type\":\"SearchAction\",\"target\":{\"@type\":\"EntryPoint\",\"urlTemplate\":\"http:\/\/192.168.1.18\/?s={search_term_string}\"},\"query-input\":{\"@type\":\"PropertyValueSpecification\",\"valueRequired\":true,\"valueName\":\"search_term_string\"}}],\"inLanguage\":\"fr-FR\"},{\"@type\":\"Organization\",\"@id\":\"http:\/\/192.168.1.18\/#organization\",\"name\":\"Office Notarial Jean-Yves Gall - Ch\u00e2tel-sur-Moselle\",\"alternateName\":\"Etude Jean-Yves Gall\",\"url\":\"http:\/\/192.168.1.18\/\",\"logo\":{\"@type\":\"ImageObject\",\"inLanguage\":\"fr-FR\",\"@id\":\"http:\/\/192.168.1.18\/#\/schema\/logo\/image\/\",\"url\":\"https:\/\/mljv7i4bi0u5.i.optimole.com\/w:auto\/h:auto\/q:mauto\/f:best\/http:\/\/www.baphomet.fr\/wp-content\/uploads\/2023\/05\/cropped-favicon-jean-yves-gall-notaire.png\",\"contentUrl\":\"https:\/\/mljv7i4bi0u5.i.optimole.com\/w:auto\/h:auto\/q:mauto\/f:best\/http:\/\/www.baphomet.fr\/wp-content\/uploads\/2023\/05\/cropped-favicon-jean-yves-gall-notaire.png\",\"width\":512,\"height\":512,\"caption\":\"Office Notarial Jean-Yves Gall - Ch\u00e2tel-sur-Moselle\"},\"image\":{\"@id\":\"http:\/\/192.168.1.18\/#\/schema\/logo\/image\/\"}}]}<\/script>\n<!-- \/ Yoast SEO plugin. -->","yoast_head_json":{"title":"Mentions l\u00e9gales - Office Notarial Jean-Yves Gall","description":"L'\u00e9dition du Site est assur\u00e9e par l'Office Notarial de Ch\u00e2tel-sur-Moselle, Soci\u00e9t\u00e9 d'exercice lib\u00e9ral \u00e0 responsabilit\u00e9 limit\u00e9e.","robots":{"index":"index","follow":"follow","max-snippet":"max-snippet:-1","max-image-preview":"max-image-preview:large","max-video-preview":"max-video-preview:-1"},"canonical":"http:\/\/192.168.1.18\/mentions-legales\/","og_locale":"fr_FR","og_type":"article","og_title":"Mentions l\u00e9gales - Office Notarial Jean-Yves Gall","og_description":"L'\u00e9dition du Site est assur\u00e9e par l'Office Notarial de Ch\u00e2tel-sur-Moselle, Soci\u00e9t\u00e9 d'exercice lib\u00e9ral \u00e0 responsabilit\u00e9 limit\u00e9e.","og_url":"http:\/\/192.168.1.18\/mentions-legales\/","og_site_name":"Office Notarial Jean-Yves Gall","article_modified_time":"2024-04-05T06:55:37+00:00","og_image":[{"width":1200,"height":675,"url":"https:\/\/mljv7i4bi0u5.i.optimole.com\/w:auto\/h:auto\/q:mauto\/f:best\/http:\/\/192.168.1.18\/wp-content\/uploads\/2023\/08\/notaire-jean-yves-gall-generique.jpg","type":"image\/jpeg"}],"twitter_card":"summary_large_image","twitter_misc":{"Dur\u00e9e de lecture estim\u00e9e":"2 minutes"},"schema":{"@context":"https:\/\/schema.org","@graph":[{"@type":"WebPage","@id":"http:\/\/192.168.1.18\/mentions-legales\/","url":"http:\/\/192.168.1.18\/mentions-legales\/","name":"Mentions l\u00e9gales - Office Notarial Jean-Yves Gall","isPartOf":{"@id":"http:\/\/192.168.1.18\/#website"},"datePublished":"2023-08-23T09:16:14+00:00","dateModified":"2024-04-05T06:55:37+00:00","description":"L'\u00e9dition du Site est assur\u00e9e par l'Office Notarial de Ch\u00e2tel-sur-Moselle, Soci\u00e9t\u00e9 d'exercice lib\u00e9ral \u00e0 responsabilit\u00e9 limit\u00e9e.","breadcrumb":{"@id":"http:\/\/192.168.1.18\/mentions-legales\/#breadcrumb"},"inLanguage":"fr-FR","potentialAction":[{"@type":"ReadAction","target":["http:\/\/192.168.1.18\/mentions-legales\/"]}]},{"@type":"BreadcrumbList","@id":"http:\/\/192.168.1.18\/mentions-legales\/#breadcrumb","itemListElement":[{"@type":"ListItem","position":1,"name":"Home","item":"http:\/\/192.168.1.18\/"},{"@type":"ListItem","position":2,"name":"Mentions l\u00e9gales"}]},{"@type":"WebSite","@id":"http:\/\/192.168.1.18\/#website","url":"http:\/\/192.168.1.18\/","name":"Office Notarial Jean-Yves Gall","description":"","publisher":{"@id":"http:\/\/192.168.1.18\/#organization"},"potentialAction":[{"@type":"SearchAction","target":{"@type":"EntryPoint","urlTemplate":"http:\/\/192.168.1.18\/?s={search_term_string}"},"query-input":{"@type":"PropertyValueSpecification","valueRequired":true,"valueName":"search_term_string"}}],"inLanguage":"fr-FR"},{"@type":"Organization","@id":"http:\/\/192.168.1.18\/#organization","name":"Office Notarial Jean-Yves Gall - Ch\u00e2tel-sur-Moselle","alternateName":"Etude Jean-Yves Gall","url":"http:\/\/192.168.1.18\/","logo":{"@type":"ImageObject","inLanguage":"fr-FR","@id":"http:\/\/192.168.1.18\/#\/schema\/logo\/image\/","url":"https:\/\/mljv7i4bi0u5.i.optimole.com\/w:auto\/h:auto\/q:mauto\/f:best\/http:\/\/www.baphomet.fr\/wp-content\/uploads\/2023\/05\/cropped-favicon-jean-yves-gall-notaire.png","contentUrl":"https:\/\/mljv7i4bi0u5.i.optimole.com\/w:auto\/h:auto\/q:mauto\/f:best\/http:\/\/www.baphomet.fr\/wp-content\/uploads\/2023\/05\/cropped-favicon-jean-yves-gall-notaire.png","width":512,"height":512,"caption":"Office Notarial Jean-Yves Gall - Ch\u00e2tel-sur-Moselle"},"image":{"@id":"http:\/\/192.168.1.18\/#\/schema\/logo\/image\/"}}]}},"_links":{"self":[{"href":"http:\/\/192.168.1.18\/wp-json\/wp\/v2\/pages\/8780","targetHints":{"allow":["GET"]}}],"collection":[{"href":"http:\/\/192.168.1.18\/wp-json\/wp\/v2\/pages"}],"about":[{"href":"http:\/\/192.168.1.18\/wp-json\/wp\/v2\/types\/page"}],"author":[{"embeddable":true,"href":"http:\/\/192.168.1.18\/wp-json\/wp\/v2\/users\/1"}],"replies":[{"embeddable":true,"href":"http:\/\/192.168.1.18\/wp-json\/wp\/v2\/comments?post=8780"}],"version-history":[{"count":9,"href":"http:\/\/192.168.1.18\/wp-json\/wp\/v2\/pages\/8780\/revisions"}],"predecessor-version":[{"id":9071,"href":"http:\/\/192.168.1.18\/wp-json\/wp\/v2\/pages\/8780\/revisions\/9071"}],"wp:attachment":[{"href":"http:\/\/192.168.1.18\/wp-json\/wp\/v2\/media?parent=8780"}],"curies":[{"name":"wp","href":"https:\/\/api.w.org\/{rel}","templated":true}]}}